 (base 4) in base 15?
6e2
What is 19983 (base 13) in base 9?
75473
What is 8005 (base 10) in base 2?
1111101000101
Convert 302030 (base 4) to base 6.
22512
612 (base 9) to base 12
355
Convert 32360 (base 11) to base 8.
133646
Convert -10806 (base 10) to base 12.
-6306
What is -100120 (base 5) in base 16?
-c58
61061 (base 8) to base 10
25137
Convert -13122030 (base 4) to base 11.
-2088a
What is 13512 (base 6) in base 8?
4124
Convert -100111 (base 2) to base 6.
-103
202010 (base 3) to base 6
2303
10a9 (base 11) to base 9
1881
What is 12200 (base 6) in base 15?
800
3abc (base 13) to base 5
232221
Convert 42662 (base 7) to base 2.
10100110000100
What is 416 (base 10) in base 3?
120102
What is 3453 (base 8) in base 2?
11100101011
c050 (base 13) to base 10
26429
-67da (base 16) to base 4
-12133122
3131 (base 6) to base 3
222001
Convert -1a8 (base 14) to base 10.
-344
8671 (base 14) to base 8
55273
101100101 (base 2) to base 15
18c
-1110001100101 (base 2) to base 12
-4259
165 (base 15) to base 14
18c
What is 10222021 (base 3) in base 15?
cd1
11432 (base 8) to base 12
29b6
What is 11040 (base 5) in base 4?
30002
-21211 (base 3) to base 8
-323
What is a61 (base 13) in base 4?
123221
Convert 1b71 (base 14) to base 9.
6764
What is -30312 (base 5) in base 4?
-132211
What is 30110020 (base 4) in base 3?
2120012011
Convert 163 (base 16) to base 9.
434
Convert -23422 (base 7) to base 2.
-1011110011011
What is 2122202 (base 4) in base 2?
10011010100010
Convert -64e (base 15) to base 6.
-10332
What is -3777 (base 10) in base 9?
-5156
5c93 (base 14) to base 15
4c01
-13013 (base 4) to base 8
-707
Convert -1081 (base 12) to base 16.
-721
Convert 6225 (base 9) to base 11.
3475
What is -8122 (base 10) in base 14?
-2d62
63783 (base 9) to base 8
122323
What is 221011 (base 3) in base 10?
679
Convert 9e1 (base 16) to base 9.
3420
Convert 3453 (base 6) to base 12.
589
Convert -720 (base 9) to base 12.
-409
What is -11312 (base 6) in base 3?
-2020022
What is -13524 (base 9) in base 16?
-23d7
Convert 10020 (base 6) to base 13.
798
What is -13046 (base 7) in base 13?
-1766
What is -1d6c (base 16) in base 11?
-5728
-323210 (base 4) to base 7
-14054
-16858 (base 11) to base 8
-56152
Convert -1111122 (base 3) to base 13.
-665
What is 242 (base 14) in base 9?
550
Convert 111 (base 10) to base 8.
157
7137 (base 11) to base 2
10010100000110
What is -38d (base 14) in base 16?
-2c9
-12122101 (base 4) to base 6
-321321
Convert -2302 (base 7) to base 6.
-3511
Convert -366 (base 8) to base 7.
-501
What is 202322 (base 4) in base 12?
1362
-400 (base 6) to base 11
-121
What is -11010001000010 (base 2) in base 12?
-78aa
Convert 1020 (base 7) to base 11.
2a5
Convert -15315 (base 8) to base 7.
-26001
Convert -5390 (base 11) to base 8.
-15715
Convert 481 (base 11) to base 16.
23d
What is 1ac (base 16) in base 10?
428
Convert -434 (base 16) to base 9.
-1425
What is 9549 (base 10) in base 5?
301144
Convert 1655 (base 11) to base 9.
2812
Convert -6129 (base 13) to base 6.
-141550
What is 10111 (base 7) in base 4?
212122
What is 1244 (base 11) in base 6?
11301
-1023303 (base 4) to base 7
-20100
What is 605a (base 15) in base 13?
9343
What is -1010111010 (base 2) in base 15?
-318
What is 1140340 (base 5) in base 16?
5361
10000 (base 2) to base 10
16
Convert -111121 (base 4) to base 9.
-1781
-10223 (base 5) to base 16
-2b0
Convert -36432 (base 9) to base 2.
-101111101011010
Convert -1963 (base 12) to base 5.
-44344
What is 1ab0 (base 13) in base 7?
14515
Convert 4484 (base 13) to base 3.
111010112
2102112 (base 3) to base 6
12105
-2030313 (base 5) to base 12
-17274
What is 3313 (base 9) in base 6?
15150
What is 741 (base 8) in base 15?
221
Convert e0 (base 15) to base 12.
156
Convert 286b (base 14) to base 6.
53035
Convert 2250 (base 7) to base 3.
1010100
What is -1d6 (base 14) in base 2?
-110000000
-289 (base 10) to base 3
-101201
What is 205 (base 13) in base 4?
11113
Convert 31 (base 8) to base 3.
221
What is -77334 (base 8) in base 9?
-48484
Convert -112213 (base 4) to base 8.
-2647
-19a (base 12) to base 2
-100000110
110101000 (base 2) to base 3
120201
What is 240450 (base 6) in base 8?
50656
What is -22202220 (base 3) in base 5?
-201041
Convert -22642 (base 7) to base 14.
-2192
Convert 10110110 (base 3) to base 9.
3413
Convert -946 (base 16) to base 6.
-14554
What is -1010100100110111 (base 2) in base 7?
-240203
What is -1133011 (base 4) in base 3?
-22100101
Convert -22622 (base 9) to base 16.
-3aee
Convert -438 (base 9) to base 5.
-2414
Convert 12165 (base 7) to base 4.
301233
Convert -748 (base 15) to base 11.
-1264
134002 (base 5) to base 4
1111332
What is 430 (base 7) in base 16?
d9
Convert 1a2 (base 12) to base 6.
1122
Convert -1370 (base 8) to base 7.
-2134
Convert 50ab (base 15) to base 6.
210512
317 (base 14) to base 3
211120
-141012 (base 5) to base 13
-280b
What is 1330313 (base 4) in base 13?
3839
Convert -20110 (base 3) to base 8.
-256
What is -100010101011 (base 2) in base 3?
-10001012
Convert -352 (base 8) to base 6.
-1030
1110111011110 (base 2) to base 3
101111012
What is -21643 (base 8) in base 14?
-3479
Convert -26455 (base 8) to base 3.
-120212100
Convert -111001010 (base 2) to base 5.
-3313
Convert 102503 (base 8) to base 14.
c60b
Convert 302 (base 8) to base 16.
c2
What is -1c4 (base 16) in base 15?
-202
What is 658 (base 14) in base 2?
10011100110
What is 4887 (base 15) in base 6?
155231
What is -10020010 (base 3) in base 9?
-3203
Convert -41200 (base 6) to base 11.
-4125
Convert 72043 (base 9) to base 4.
23211000
-2109 (base 12) to base 14
-145b
Convert -6858 (base 9) to base 5.
-130300
Convert -532 (base 9) to base 13.
-275
Convert -316 (base 11) to base 12.
-278
What is -1c7 (base 13) in base 16?
-14c
-842 (base 14) to base 6
-11310
Convert -2020222 (base 3) to base 15.
-74b
-6432 (base 7) to base 10
-2277
1502 (base 12) to base 6
15202
Convert -100011001010 (base 2) to base 13.
-1041
14ba9 (base 13) to base 16
99b3
What is 100012000 (base 3) in base 8?
15050
Convert -1017 (base 9) to base 2.
-1011101001
What is 1111101011 (base 2) in base 13?
5c2
What is -22947 (base 11) in base 7?
-165312
1204 (base 11) to base 12
ab5
What is -18269 (base 10) in base 15?
-562e
What is 353 (base 11) in base 3?
120121
What is -12003 (base 4) in base 13?
-23a
-11010010110000 (base 2) to base 12
-7980
58851 (base 9) to base 10
39331
What is 10201220 (base 3) in base 7?
10641
11202 (base 3) to base 9
152
What is 100322 (base 4) in base 5?
13312
-2832 (base 9) to base 12
-129b
Convert 798 (base 13) to base 4.
110130
What is -12101302 (base 4) in base 7?
-134653
-2520 (base 8) to base 13
-808
What is 413b (base 13) in base 14?
33d5
Convert 29252 (base 11) to base 6.
520224
Convert 615 (base 10) to base 14.
31d
Convert 493 (base 12) to base 14.
371
233 (base 15) to base 4
13302
Convert -101010101 (base 2) to base 8.
-525
Convert 1323 (base 6) to base 12.
243
What is 448 (base 14) in base 16?
350
-5604 (base 7) to base 4
-133131
What is -12b5 (base 15) in base 13?
-1a84
Convert 27a9 (base 12) to base 10.
4593
Convert -30 (base 5) to base 16.
-f
-9a3 (base 15) to base 13
-cb7
-1321 (base 6) to base 15
-177
What is 144 (base 7) in base 12?
69
What is -110403 (base 5) in base 3?
-12021201
-2100124 (base 5) to base 9
-52177
Convert -1001101111000011 (base 2) to base 8.
-115703
What is -1135 (base 7) in base 2?
-110100010
What is 10001000101000 (base 2) in base 14?
3288
-122565 (base 7) to base 2
-101100000111011
Convert 110100010000 (base 2) to base 13.
16a3
Convert -15c6a (base 13) to base 10.
-41662
Convert 100241 (base 5) to base 16.
c7c
1200 (base 3) to base 12
39
What is 1c4 (base 13) in base 3?
110012
Convert 1133330 (base 4) to base 3.
22102102
What is -b957 (base 14) in base 16?
-7d19
145 (base 14) to base 3
100112
133513 (base 6) to base 13
58c8
Convert -4a88 (base 15) to base 12.
-9232
300131 (base 5) to base 4
2103020
14717 (base 8) to base 4
1213033
What is 42234 (base 5) in base 2?
101100000011
14b6 (base 13) to base 15
d67
-13130 (base 4) to base 3
-122122
What is 11c9 (base 13) in base 6?
15415
What is -807 (base 11) in base 5?
-12400
Convert -1101110101111001 (base 2) to base 3.
-2212202220
852 (base 9) to base 12
49b
Convert -14561 (base 13) to base 14.
-dd3b
e4e (base 1